{"id":76,"date":"2021-11-23T19:20:53","date_gmt":"2021-11-23T18:20:53","guid":{"rendered":"http:\/\/alefbat.fr\/?page_id=76"},"modified":"2021-11-23T19:42:48","modified_gmt":"2021-11-23T18:42:48","slug":"mentions-legales","status":"publish","type":"page","link":"https:\/\/www.alefbat.fr\/?page_id=76","title":{"rendered":"Mentions l\u00e9gales"},"content":{"rendered":"\n<p><span style=\"color:#cb16a1\" class=\"has-inline-color\">ALEF<\/span><\/p>\n\n\n\n<p>54 avenue Henri Barbusse<\/p>\n\n\n\n<p>93700 DRANCY<\/p>\n\n\n\n<p>France<\/p>\n\n\n\n<p><span style=\"color:#cb16a1\" class=\"has-inline-color\">Date de cr\u00e9ation de l&rsquo;entreprise:<\/span> 01-01-2016<\/p>\n\n\n\n<p><span style=\"color:#cb16a1\" class=\"has-inline-color\">SASU<\/span> &#8211; soci\u00e9t\u00e9 par action simplifi\u00e9e \u00e0 associ\u00e9 unique<\/p>\n\n\n\n<p><span style=\"color:#cb16a1\" class=\"has-inline-color\">SIREN:<\/span> 817984594<\/p>\n\n\n\n<p><span style=\"color:#cb16a1\" class=\"has-inline-color\">SIRET:<\/span> 81798459400025<\/p>\n\n\n\n<p><span style=\"color:#cb16a1\" class=\"has-inline-color\">TVA Intracom. :<\/span> FR70817984594<\/p>\n\n\n\n<p><span style=\"color:#cb16a1\" class=\"has-inline-color\">RCS<\/span> BOBIGNY B 817 984 594<\/p>\n\n\n\n<p><span style=\"color:#cb16a1\" class=\"has-inline-color\">NAF \/ APE<\/span> Travaux d&rsquo;isolation 4329A<\/p>\n\n\n\n<p><span style=\"color:#cb16a1\" class=\"has-inline-color\">Capital social<\/span> 10500 Euros<\/p>\n\n\n\n<p><\/p>\n\n\n\n<p><\/p>\n","protected":false},"excerpt":{"rendered":"<p>ALEF 54 avenue Henri Barbusse 93700 DRANCY France Date de cr\u00e9ation de l&rsquo;entreprise: 01-01-2016 SASU &#8211; soci\u00e9t\u00e9 par action simplifi\u00e9e \u00e0 associ\u00e9 unique SIREN: 817984594 SIRET: 81798459400025 TVA Intracom. : FR70817984594 RCS BOBIGNY B 817 984 594 NAF \/ APE Travaux d&rsquo;isolation 4329A Capital social 10500 Euros<\/p>\n","protected":false},"author":1,"featured_media":0,"parent":0,"menu_order":0,"comment_status":"closed","ping_status":"closed","template":"","meta":{"footnotes":""},"class_list":["post-76","page","type-page","status-publish","hentry"],"_links":{"self":[{"href":"https:\/\/www.alefbat.fr\/index.php?rest_route=\/wp\/v2\/pages\/76","targetHints":{"allow":["GET"]}}],"collection":[{"href":"https:\/\/www.alefbat.fr\/index.php?rest_route=\/wp\/v2\/pages"}],"about":[{"href":"https:\/\/www.alefbat.fr\/index.php?rest_route=\/wp\/v2\/types\/page"}],"author":[{"embeddable":true,"href":"https:\/\/www.alefbat.fr\/index.php?rest_route=\/wp\/v2\/users\/1"}],"replies":[{"embeddable":true,"href":"https:\/\/www.alefbat.fr\/index.php?rest_route=%2Fwp%2Fv2%2Fcomments&post=76"}],"version-history":[{"count":5,"href":"https:\/\/www.alefbat.fr\/index.php?rest_route=\/wp\/v2\/pages\/76\/revisions"}],"predecessor-version":[{"id":108,"href":"https:\/\/www.alefbat.fr\/index.php?rest_route=\/wp\/v2\/pages\/76\/revisions\/108"}],"wp:attachment":[{"href":"https:\/\/www.alefbat.fr\/index.php?rest_route=%2Fwp%2Fv2%2Fmedia&parent=76"}],"curies":[{"name":"wp","href":"https:\/\/api.w.org\/{rel}","templated":true}]}}